 -2)?
23
Evaluate 11 + (4 - (-2 - (5 - (13 - 2)))).
11
What is (0 - -5) + (9 - (0 - 1) - 6)?
9
Calculate (-18 - -23) + 3 - -2.
10
Calculate (12 - (-6 + -6 + 17)) + -15.
-8
Calculate 13 - 2 - (169 + -152).
-6
Evaluate (-1 + -13 - (-12 - -4)) + 4.
-2
What is the value of (13 + -21 + -6 - -18) + (25 - 1)?
28
What is 34 + (-3 - 7 - -2) + (0 - 8)?
18
3 - 4 - ((0 - 27) + 62 + -50)
14
Calculate 0 + -9 + 4 + 1 + -12.
-16
7 - (3 + (5 - -5 - -4) - -1)
-11
What is 3 - (20 + -9 + -5)?
-3
What is (3 - 2) + 9 - 16?
-6
Evaluate -10 - (19 - (34 - 1)).
4
Calculate 79 + -29 - (24 + 3).
23
Evaluate 11 - (-4 + -10 + 28).
-3
2 + (-5 - -2 - (-22 - -6))
15
Calculate 2 + -3 - (4 + -16 - (-2 - 6)).
3
What is the value of -429 - -452 - (2 + 0)?
21
-161 + 164 - (1 + -17 - (2 - 0))
21
5 + (-15 - 2 - -1) + (1030 - 1038)
-19
Calculate -2 - (13 - 4 - (-1 - 1)).
-13
Evaluate -1 + -8 + 29 - 19.
1
What is the value of -35 - (-17 - (-26 - -34))?
-10
What is the value of (29 - (-6 + (-15 - -5))) + -11?
34
What is the value of (7 - 0) + -567 + 585?
25
-1 + 0 - (6 + -10 + 14)
-11
12 - (-11 + 3 + -1) - -1
22
Calculate -8 + 20 + -7 - -9.
14
What is (-371 - -405) + 2 + -43?
-7
What is the value of -14 - -20 - (-4 + 5 - 3 - -9)?
-1
What is the value of -17 + 9 + 6 + (1 - 0) + 4?
3
What is (11 - 2 - (-6 - -1)) + (-2 - 4)?
8
What is the value of 0 + -2 - 25 - -4 - (3 - 4)?
-22
-46 + 46 + -2 + (-14 - 0)
-16
What is -16 - (-7 - 6 - 0)?
-3
What is the value of 14 - (-11 + (-2 + 0 - -5))?
22
Calculate (-9 - -11) + -2 - -2 - 4.
-2
Evaluate 78 + (12 - 29 - 25).
36
Calculate -78 + 75 - ((1 - 4) + -1).
1
What is the value of 17 - (0 + 1 + -27 + 33)?
10
Evaluate -5 + 41 - 11 - 11 - (4 - -1).
9
What is 30 + -14 - (-6 + 2 - -6)?
14
Evaluate 8 - (-2 - -12) - (2 + -1).
-3
Evaluate -19 + (-2 - (0 + -1)) - (3 - 10).
-13
Calculate -13 - -22 - ((6 + -9 - -4) + 24).
-16
What is 13 - 11 - 16 - 12 - (0 + 0)?
-26
What is the value of 11 + -5 + 9 + (9 - 17)?
7
Evaluate -21 + (-20 - -7) + 52.
18
Calculate -21 - (-8 + 1 - (-133 - -126)).
-21
Evaluate -726 - -720 - (-20 + (2 - 0)).
12
Calculate -3 - (-7 - (-5 - 2)).
-3
Evaluate (1 - -2) + (12 - 19) + 8 - 11.
-7
-21 + -1 + 14 + -4
-12
-1 - -8 - (5 + 0 + -15)
17
What is the value of (-74 - -104) + -17 + -1?
12
What is -20 - -1 - (26 + -15 + -24)?
-6
What is the value of -233 + 244 + (6 - -1) + -12?
6
Evaluate (22 - 20) + -20 + 10.
-8
-24 + 6 + 4 + 14
0
What is the value of (10 - 20) + -6 + (1 - -7)?
-8
What is 153 + -149 + (-2 - 1)?
1
What is the value of 17 - (-4 - (-6 + (-2 - 6)))?
7
-4 + 22 + (11 - 14)
15
(-3 - 12) + -18 + 9 - -19
-5
16 + 0 - (-90 - (35 + -107))
34
What is -9 + 11 + 2 + 2 - -1?
7
Calculate (0 - 29) + 4 + -4 + -10 + 20.
-19
Evaluate 51 - 71 - (11 - 9).
-22
Calculate -934 - -928 - (0 + 0).
-6
Calculate -15 + 5 + (3 - -15).
8
Evaluate 0 + -11 - (-424 + 413) - (0 + -7).
7
What is -3 + (19 - (7 + 10)) + (-15 - 1)?
-17
Evaluate 10 - 8 - (12 + -7 + -1).
-2
What is 9 - (1 - -20) - 2?
-14
What is the value of (-4 - 8) + 10 + -5 - -11?
4
Evaluate -15 + -2 + 33 + 5 + -17.
4
Calculate 4 + -21 + 22 - 10.
-5
Evaluate (-1 - 8) + (25 - (34 + -4)).
-14
(49 - 67) + 1 + 2
-15
What is 3 + 1 + (8 - (-17 + 8 - -6))?
15
-1 + -11 + 4 - -12
4
Evaluate 1 - (5 + (3 + (-6 - 1) - -3)).
-3
4 + -37 + -13 + 29
-17
Calculate -7 + (3 - 7) + 36 + -7.
18
-2 - ((-12 + -6 + 9 - -10) + 5)
-8
Calculate -38 + 35 + (12 - 24).
-15
4 + (-4 - (1 + (-11 - -8)))
2
Evaluate (26 - 18 - 6) + 24 + -1.
25
(-2 + 13 - 15 - 1) + 14
9
Evaluate 3 + (10 - 5) - (-7 + -4 + 20).
-1
Evaluate -5 + 1 - (-211 - -200).
7
Calculate 21 - (24 + 7 + 3).
-13
Evaluate -7 + 4 + (5 - (14 + -19)).
7
Calculate 7 + -4 + (-41 - -43).
5
Evaluate 22 + -16 - (5 + -10 + 5 + 15).
-9
Evaluate 19 + (-6 + 10 - 12) - 11.
0
What is the value of -37 + 0 + 1 - (-40 + 76 + -42)?
-30
Evaluate -2 - (16 + (-16 - -1)).
-3
Evaluate -11 - -1 - (-6 - -1 - 2).
-3
1 + 8 + (4 + 25 + -27 - 0)
11
Evaluate (-125 - -144) + (-2 + -3 - -8).
22
What is 4 + -2 + (13 - -24 - 29)?
10
What is the value of 21 + -26 + (-5 - -1) + 24?
15
(-295 + 304 - (10 - 0)) + (20 - -2)
21
Calculate 84 + -66 + -4 + 1.
15
What is the value of -8 - (8 + 1 + (2 - 6))?
-13
Evaluate (-3 - -1) + (9 + 1 + -3 - -8).
13
Calculate 2 + -17 + (16 - (18 + -4)).
-13
Evaluate -8 - (6 - 13 - (9 + -6)).
2
Calculate (-1 - (-2 + 34)) + (57 - (-14 - -63)).
-25
Calculate 2 + (-3 - 11) - (-1 + (-22 - -31)).
-20
What is the value of 15 + -8 - (4 + 8 + 0) - -21?
16
(1 - 1) + 8 + -14 + 5
-1
What is (-24 + 21 - (-1 - -2)) + 7?
3
12 + (8 - (-25 - -28) - (4 - 0))
13
What is 10 + 0 + 173 + -190?
-7
What is 3 + -7 + 33 + 15 + -3 + -1?
40
2 + -16 + (-31 + 23 - -7)
-15
-5 - (10 - 1) - -11
-3
Evaluate (-6 - -1 - 2) + 15 + -50 + 28.
-14
(-2 + 3 - (-10 - -28)) + 2
-15
What is 11 + (-18 - 9) + 23?
7
What is -12 + -9 + 7 + 37 + -3?
20
(-60 - (-30 + 1)) + 33
2
2 - (5 + -1) - (86 + -93)
5
What is 1 + 13 + 1 + 3 + (230 - 234)?
14
What is the value of 4 + (33 - -4) - (-1 + 38 + -25)?
29
Evaluate 30 + -31 + -29 - -4.
-26
What is 3 + (-2 - 10 - (88 - 94))?
-3
-9 + (-10 - (-2 - 17))
0
-1 + 12 + 0 - (15 + -17)
13
What is -5 - 21 - (68 + -55)?
-39
What is the value of (8 - (41 + 4)) + 21?
-16
Evaluate 0 + 9 + 7 + (9 - 37).
-12
(29 - 20 - 19) + 6
-4
What is the value of -38 - -27 - ((-2 - -2) + -44 + 48)?
-15
What is 7 + -16 + 10 + 19 + -2?
18
Evaluate 1 - (-4 + 5 + -3 - (7 - 7)).
3
5 + (-4 + -6 - 1) + 8
2
What is the value of -2 + -6 + 3 + -3 + 10 + -10?
-8
What is the value of 6 + 9 + (-14 - -2)?
3
(53 - 28) + (2 + -5 - -13)
35
What is the value of 43 - 14 - (15 + -33 + 15)?
32
Calculate -38 + (16 - -5 - 1).
-18
Calculate -6 + 2 + 28 + -4 + 2 + -8.
14
Calculate -1 + (-6 - (-10 - -2)) + 35.
36
Calculate 64 + 1 + -16 + -2 - 19.
28
Calculate -40 + (4 - -8 - -4).
-24
What is 34 - 1 - (26 + -13 + -8 + -1)?
29
What is the value of -2 + (-1 - 0 - ((22 - 6) + -11))?
-8
Calculate (5 - (8 - 3)) + -12 - -4.
-8
What is -2 - (-6 + 1 + (3 - -1)) - 4?
-5
4 + (-16 - -10) + 16
14
What is -7 - ((-5 - 0) + (-65 - -72))?
-9
Evaluate 20 + (0 - (3 - 3)) + -8.
12
5 - (-11 + 6 + 13)
-3
Calculate -2 + (-1 - -1) - ((77 - 40) + -9).
-30
(25 - (-3 + 15)) + -2 + 7
18
Calculate (-8 - -2) + 0 + -3 + 4 + -1.
-6
What is 24 + -11 + 9 + -1 + -6 + 5?
20
What is 14 + -25 - (-18 - (0 - 10))?
-3
-4 + 9 + (6 - (19 - -1))
-9
What is the value of -4 + (0 - -1) + 2 + -7 + 15?
7
Calculate -8 - (0 - 6 - -13) - (-4 + 1).
-12
7 + -9 + 7 + 10 + -3 + 6
18
What is the value of (-4 - (-2 - 0)) + (-160 - -170) - 9?
-1
9 - ((10 - 4) + -7 + 2)
8
What is the value of (-17 - 6) + (-7 - 5) + (20 - -2)?
-13
What is the value of 5 + 1 + 5 - (10 - (-8 - -17))?
10
Evaluate (10 - (1 - -5) - 7) + 1.
-2
What is the value of (47 - 1 - 32) + -2?
12
Calculate 5 + (-45 - -20) - -25.
5
1 - (-1 + (11 - 4) + -9)
4
Evaluate (1 - -1) + 6 - (-18 - (5 - 18)).
13
Evaluate 11 - (4 + 18 - 8).
-3
What is the value of (8 - 18) + (8 - 8)?
-10
Calculate (19 - 27) + (1 - -6).
-1
Calculate (28 - 5) + (0 + -8 - 2).
13
What is -17 + (23 + 4 - 37)?
-27
What is the value of -27 + 22 - (-14 - 2)?
11
What is the value of (2 - (-2 + -2)) + (-2 - 3) + -13?
-12
What is the value of 3 + (5 - 16) - (5 + -2)?
-11
What is the value of -5 - 5 - (-42 - -36) - -13?
9
What is 25 - (20 + (11 - (20 - -3)) + 0)?
17
Calculate 5 - (11 + -7) - -6.
7
What is 1 + -2 + 8 + (810 - 811)?
6
Calculate 2 - (6 - -1) - -4.
-1
(14 - (-13 - -25)) + 2
4
What is 17 - (1 + -9 + -17) - 10?
32
Evaluate (-19 - -2 - -15) + 2 + 1.
1
-6 - (-8 + 9) - -6
-1
Calculate -12 + 5 - -13 - (-2 - -8).
0
Calculate 17 - (14 - (-3 + (19 - 14))).
5
What is the value of -19 - (2 + -11 + 6 + -6 + 0)?
-10
3 + (15 - (-12 + 32))
-2
Calculate (7295 - 7297) + (1 - -1) + -37 + 2.
-35
What is 19 - (10 - (8 - (-7 + 12)))?
12
What is -4 + -16 + 12 + (1 - 2)?
-9
Evaluate 0 - 15 - (-67 + 62).
-10
Calculate 13 - (14 + (14 + 0 - 28)).
13
Calculate (-2 - (-6 + 10 + -2)) + (-1 - 1).
-6
Evaluate -9 + 2 + (6 - -1) - (-1 - -7).
-6
3 + -30 + 62 + -32
3
What is the value of 1 + 27 - (18 - 8)?
18
Calculate -16 - (35 - 62 - 0).
11
Calculate 17 + (23 - 13) + -23.
4
Calculate -18 - -10 - (-10 + 3 + 1 - 8).
6
1 + 2 + 9 + -21
-9
Calculate (-36 - (-54 + 7)) + -11 + -1.
-1
-11 - 8 - -10 - -19 - 2
8
Calculate -11 + (5 - 6) + 4.
-8
What is the value of -14 + (-6 - (9 + -19)) - -9